29873493509 a composite number?
True
Is 80880221 composite?
True
Is 50120015909 composite?
False
Is 3377520499 a prime number?
True
Is 1028866159 composite?
True
Is 1210515391 a composite number?
False
Is 2332390561 a prime number?
False
Is 1496938033 a prime number?
False
Is 20872858381 a composite number?
False
Is 2676656083 composite?
False
Is 23177008793 a prime number?
False
Is 53466089 a composite number?
False
Is 32256823 prime?
True
Is 7480284589 prime?
False
Is 163789518127 a prime number?
False
Is 6429997943 a composite number?
True
Is 845748473 a prime number?
True
Is 12168548729 composite?
False
Is 5466851261 prime?
False
Is 96774186011 a prime number?
True
Is 81270083051 composite?
True
Is 52680324413 a prime number?
True
Is 10585877923 composite?
True
Is 314348471 composite?
False
Is 2893117297 prime?
False
Is 56163521059 prime?
False
Is 597776981 prime?
True
Is 3888694613 a composite number?
False
Is 30970441267 prime?
False
Is 35729241349 a prime number?
False
Is 106464146083 a prime number?
False
Is 8322616041 a composite number?
True
Is 2389255783 a composite number?
False
Is 1873355491 a composite number?
True
Is 29724450339 prime?
False
Is 57143538961 a prime number?
False
Is 8049490679 prime?
False
Is 64824397 a prime number?
False
Is 14724633179 prime?
False
Is 29157878803 a composite number?
True
Is 406088911 a prime number?
False
Is 10803745037 a prime number?
True
Is 32838003007 a composite number?
False
Is 1834414501 composite?
False
Is 18967209559 a prime number?
True
Is 217014208711 a composite number?
False
Is 285550357 composite?
False
Is 1319524477 a prime number?
True
Is 122384368807 prime?
True
Is 1275000667 prime?
False
Is 22263424619 prime?
False
Is 68546409589 prime?
False
Is 30363777653 composite?
True
Is 2178292777 composite?
False
Is 7450360327 a composite number?
False
Is 20075826893 prime?
True
Is 6959492707 composite?
True
Is 7806821081 prime?
False
Is 1143118763 composite?
True
Is 14067290047 a composite number?
False
Is 252142362607 a composite number?
True
Is 76658024953 a prime number?
False
Is 29020129751 prime?
True
Is 3795021887 composite?
False
Is 446213221 a composite number?
True
Is 17404539833 a composite number?
True
Is 1891730843 a composite number?
False
Is 17012932429 prime?
False
Is 167464885303 prime?
False
Is 233197967 a composite number?
True
Is 11039862551 a prime number?
True
Is 1036148513 prime?
True
Is 9330277139 a prime number?
True
Is 183566489 a prime number?
True
Is 201361421 a prime number?
False
Is 7726995701 prime?
True
Is 201782425309 composite?
False
Is 44234293 composite?
True
Is 47998806347 a prime number?
False
Is 1450970749 a composite number?
True
Is 3837178603 a composite number?
True
Is 25094134441 prime?
True
Is 231859081 a prime number?
True
Is 13156858271 a prime number?
True
Is 41879608367 prime?
True
Is 2793483629 composite?
True
Is 10623670751 composite?
False
Is 46055239037 a composite number?
False
Is 137434147 a prime number?
False
Is 796339519 a composite number?
True
Is 75828805487 prime?
False
Is 1161703469 prime?
True
Is 1944396631 a composite number?
False
Is 304650738857 prime?
True
Is 60797028959 a composite number?
False
Is 687743573 a composite number?
True
Is 51050666998 composite?
True
Is 69692794267 a prime number?
True
Is 1315660321 prime?
True
Is 54014537 a composite number?
True
Is 72501813289 composite?
False
Is 3975384619 a prime number?
True
Is 10015302631 prime?
False
Is 2799661591 prime?
False
Is 5073193367 a prime number?
False
Is 108754178713 composite?
False
Is 5833162691 prime?
False
Is 1285066273 a prime number?
False
Is 14330122277 a prime number?
True
Is 1607666989 prime?
False
Is 28342590515 prime?
False
Is 4595504839 prime?
False
Is 94181623 prime?
False
Is 9737650859 prime?
True
Is 492534293 prime?
False
Is 5299241219 composite?
False
Is 2653799095 composite?
True
Is 14102360837 a composite number?
True
Is 539965567 a prime number?
True
Is 2964057167 a composite number?
False
Is 20555849813 a prime number?
True
Is 34289549077 composite?
True
Is 521877581 composite?
False
Is 8958521711 a composite number?
True
Is 48401199239 composite?
True
Is 182860697249 prime?
True
Is 1672652339 composite?
False
Is 303150551 composite?
True
Is 1917343349 a prime number?
False
Is 11192431837 a composite number?
False
Is 1086869351 prime?
True
Is 3460667969 a composite number?
True
Is 102981827 a prime number?
False
Is 3275474893 a prime number?
True
Is 11063414767 prime?
True
Is 68471779 a prime number?
False
Is 48001783009 a composite number?
False
Is 2404104169 a prime number?
True
Is 1826336471 a prime number?
True
Is 230787367 a prime number?
True
Is 11138138545 composite?
True
Is 21267186581 a composite number?
False
Is 1021624103 a prime number?
True
Is 15647677203 a composite number?
True
Is 2060836069 a prime number?
True
Is 26028364891 a composite number?
False
Is 221481511 composite?
False
Is 845186707 prime?
False
Is 5955058591 a composite number?
False
Is 16302646103 a prime number?
True
Is 147333922 a prime number?
False
Is 239428711 a composite number?
False
Is 33362468383 prime?
True
Is 9678522077 composite?
True
Is 26675703137 a prime number?
True
Is 269253613 composite?
False
Is 197479151 a composite number?
False
Is 1815821983 a composite number?
True
Is 751480139 prime?
False
Is 9510007349 prime?
False
Is 1134806051 a prime number?
False
Is 333352037 a prime number?
False
Is 3640678487 a prime number?
False
Is 210552187 a composite number?
False
Is 1392623146 a composite number?
True
Is 2045813401 a composite number?
True
Is 28634819 a composite number?
False
Is 46540903 a composite number?
True
Is 14914841 a composite number?
False
Is 499380839 composite?
False
Is 904709081 prime?
True
Is 8669537441 prime?
True
Is 1821252761 a composite number?
False
Is 356912515 composite?
True
Is 37163099 a composite number?
False
Is 1239372107 a prime number?
True
Is 60716060914 prime?
False
Is 3393281171 a prime number?
False
Is 1277609237 a composite number?
True
Is 12061926847 a prime number?
True
Is 14062643689 a prime number?
True
Is 31640850937 composite?
False
Is 1464844039 a composite number?
False
Is 9405402761 a prime number?
False
Is 804837881 a composite number?
False
Is 225425003 a prime number?
True
Is 10768531567 composite?
False
Is 1970968943 a composite number?
False
Is 7789960979 composite?
True
Is 9246626123 prime?
False
Is 57660742259 composite?
False
Is 19614720659 a composite number?
False
Is 1341162841 a prime number?
False
Is 17470341233 a prime number?
False
Is 296605386365 a composite number?
True
Is 99226344439 a composite number?
True
Is 3262587931 prime?
True
Is 6773631047 a prime number?
True
Is 18052660011 a prime number?
False
Is 1453877953 composite?
True
Is 90013477783 a composite number?
True
Is 128184941371 a composite number?
True
Is 38655324271 prime?
True
Is 63330932263 a composite number?
False
Is 32421329287 a prime number?
False
Is 4801526693 composite?
True
Is 249495637 composite?
False
Is 174379367021 a prime number?
True
Is 551497603 a prime number?
False
Is 4574105861 prime?
False
Is 916285333 composite?
False
Is 1489793993 a prime number?
True
Is 5596185703 prime?
True
Is 5817529187 composite?
False
Is 14374209709 a prime number?
True
Is 4222976971 prime?
False
Is 3963641719 composite?
True
Is 1821151139 prime?
True
Is 44940839501 a composite number?
False
Is 3936387269 a prime number?
True
Is 973739071 a prime number?
False
Is 61917950123 a composite number?
False
Is 46097348491 a prime number?
False
Is 326475847 prime?
True
Is 17037107917 a composite number?
False
Is 68928187 composite?
False
Is 13114770491 prime?
False
Is 2262838469 a composite number?
True
Is 17525216699 a prime number?
True
Is 80972567 a composite number?
True
Is 437318131 prime?
True
Is 1122275899 a composite number?
False
Is 2656057763 a composite number?
False
Is 32056325207 composite?
True
Is 958508423 prime?
False
Is 20928281651 prime?
False
Is 14491205171 a prime number?
False
Is 169644077983 a composite number?
False
Is 248380991431 prime?
False
Is 223537914791 composite?
True
Is 4860206601 a prime number?
False
Is 934268861 a composite number?
True
Is 63232479539 a composite number?
True
Is 24817715801 co